{"id":71024,"date":"2026-04-06T00:02:19","date_gmt":"2026-04-06T03:02:19","guid":{"rendered":"https:\/\/gtdingenieria.cl\/?page_id=71024"},"modified":"2026-04-06T00:10:49","modified_gmt":"2026-04-06T03:10:49","slug":"servicios","status":"publish","type":"page","link":"https:\/\/gtdingenieria.cl\/?page_id=71024","title":{"rendered":"Servicios"},"content":{"rendered":"<p>[vc_row type=&#8221;full_page_width&#8221; padding_top=&#8221;&#8221; padding_bottom=&#8221;&#8221; css=&#8221;.vc_custom_1529097907983{margin-bottom: 0px !important;padding-top: 90px !important;padding-bottom: 90px !important;background-image: url(http:\/\/gtdingenieria.cl\/\/wp-content\/uploads\/2026\/04\/FOTOSUP2.jpg?id=71025) !important;background-position: center !important;background-repeat: no-repeat !important;background-size: cover !important;}&#8221;][vc_column css=&#8221;.vc_custom_1510320086246{padding-top: 0px !important;}&#8221;][vc_custom_heading text=&#8221;Damos energ\u00eda a tu proyecto&#8221; font_container=&#8221;tag:p|font_size:40px|text_align:center|color:%23ffffff|line_height:52px&#8221; use_theme_fonts=&#8221;yes&#8221; css=&#8221;.vc_custom_1523466931382{margin-bottom: 20px !important;padding-top: 20px !important;}&#8221; el_class=&#8221;lighter-weight&#8221;][\/vc_column][\/vc_row][vc_row type=&#8221;full_page_width_inner_container&#8221; padding_top=&#8221;&#8221; padding_bottom=&#8221;&#8221; css=&#8221;.vc_custom_1523465920655{margin-top: 0px !important;margin-bottom: 0px !important;padding-top: 40px !important;padding-bottom: 0px !important;background-color: #f8f8f8 !important;}&#8221; el_class=&#8221;overflow-visible&#8221;][vc_column width=&#8221;1\/6&#8243;][\/vc_column][vc_column width=&#8221;2\/3&#8243;][vc_raw_html]JTNDZGl2JTIwY2xhc3MlM0QlMjJkb3duX2Fycm93JTIyJTIwc3R5bGUlM0QlMjJ0b3AlM0ElMjAtNzVweCUzQiUyMiUzRSUzQ2klMjBjbGFzcyUzRCUyMmlvbi1pb3MtYXJyb3ctZG93biUyMiUzRSUzQyUyRmklM0UlM0MlMkZkaXYlM0U=[\/vc_raw_html][vc_column_text]<\/p>\n<div class=\"down_arrow\" style=\"top: -75px;\">\n<div class=\"ion-ios-arrow-down\"><\/div>\n<\/div>\n<p>[\/vc_column_text][\/vc_column][vc_column width=&#8221;1\/6&#8243;][\/vc_column][\/vc_row][vc_row type=&#8221;container&#8221; padding_top=&#8221;&#8221; padding_bottom=&#8221;&#8221; css=&#8221;.vc_custom_1504561494450{padding-top: 30px !important;}&#8221;][vc_column width=&#8221;1\/6&#8243;][\/vc_column][vc_column width=&#8221;2\/3&#8243;][vc_custom_heading text=&#8221;Experiencia Garantizada&#8221; font_container=&#8221;tag:p|font_size:18|text_align:center|color:%2324a3d8&#8243; google_fonts=&#8221;font_family:Source%20Sans%20Pro%3A200%2C200italic%2C300%2C300italic%2Cregular%2Citalic%2C600%2C600italic%2C700%2C700italic%2C900%2C900italic|font_style:200%20light%20regular%3A200%3Anormal&#8221; css_animation=&#8221;fadeInUp&#8221; css=&#8221;.vc_custom_1523466579189{margin-top: 40px !important;margin-bottom: 10px !important;}&#8221;][vc_custom_heading text=&#8221;Experiencia &amp; conocimiento&#8221; font_container=&#8221;tag:h2|font_size:38|text_align:center|color:%23232323|line_height:54px&#8221; google_fonts=&#8221;font_family:Source%20Sans%20Pro%3A200%2C200italic%2C300%2C300italic%2Cregular%2Citalic%2C600%2C600italic%2C700%2C700italic%2C900%2C900italic|font_style:200%20light%20regular%3A200%3Anormal&#8221; css_animation=&#8221;fadeInUp&#8221; css=&#8221;.vc_custom_1523466596029{margin-bottom: 20px !important;}&#8221;][\/vc_column][vc_column width=&#8221;1\/6&#8243;][\/vc_column][\/vc_row][vc_row equal_height=&#8221;yes&#8221; type=&#8221;container&#8221; padding_top=&#8221;&#8221; padding_bottom=&#8221;&#8221; css=&#8221;.vc_custom_1535143031824{padding-bottom: 85px !important;}&#8221; el_class=&#8221;hover-box-conatiner&#8221;][vc_column width=&#8221;1\/2&#8243; css=&#8221;.vc_custom_1504720117443{margin-bottom: 15px !important;}&#8221;][vc_hoverbox image=&#8221;71026&#8243; primary_title=&#8221;Ingenier\u00eda el\u00e9ctrica&#8221; hover_title=&#8221;&#8221; hover_align=&#8221;left&#8221; shape=&#8221;square&#8221; hover_background_color=&#8221;white&#8221; css_animation=&#8221;fadeInUp&#8221; el_class=&#8221;delay&#8211;1 hover-box-1&#8243;]<strong>Ingenier\u00eda El\u00e9ctrica<\/strong><\/p>\n<ul>\n<li style=\"text-align: left;\">Proyecciones de tarifas el\u00e9ctricas y costos marginales.<\/li>\n<li style=\"text-align: left;\">C\u00e1lculo de peajes de transmisi\u00f3n: factores de penalizaci\u00f3n y factores de prorrata e ingreso tarifario.<\/li>\n<li style=\"text-align: left;\">Evaluaci\u00f3n y reducci\u00f3n de p\u00e9rdidas t\u00e9cnicas en instalaciones y equipos el\u00e9ctricos.<\/li>\n<li style=\"text-align: left;\">Estudios especializados de sistemas de potencia en generaci\u00f3n, transmisi\u00f3n y distribuci\u00f3n.<\/li>\n<li style=\"text-align: left;\">Contratos de operaci\u00f3n.<\/li>\n<li style=\"text-align: left;\">Estudios de leyes, reglamentos y normas para el sector el\u00e9ctrico.<\/li>\n<li style=\"text-align: left;\">Estudios de impacto est\u00e1ticos y din\u00e1micos de fuentes de generaci\u00f3n y grandes cargas el\u00e9ctricas.<\/li>\n<\/ul>\n<p>[\/vc_hoverbox][vc_empty_space height=&#8221;85px&#8221;][vc_hoverbox image=&#8221;71027&#8243; primary_title=&#8221;Desarrollo&#8221; hover_title=&#8221;&#8221; hover_align=&#8221;left&#8221; shape=&#8221;square&#8221; hover_background_color=&#8221;white&#8221; css_animation=&#8221;fadeInUp&#8221; el_class=&#8221;delay&#8211;1 hover-box-2&#8243;]<strong>Desarrollo<\/strong><\/p>\n<ul>\n<li style=\"text-align: left;\">Proyectos de ingenier\u00eda b\u00e1sica y de detalles, de l\u00edneas de transmisi\u00f3n, subestaciones, l\u00edneas de distribuci\u00f3n, de alumbrado y fuerza, en alta, media y baja tensi\u00f3n.<\/li>\n<li style=\"text-align: left;\">Auditor\u00edas de procesos de energ\u00eda e ingenier\u00eda.<\/li>\n<li style=\"text-align: left;\">Ingenier\u00eda conceptual, b\u00e1sica y de detalle de subestaciones de poder, l\u00edneas de transmisi\u00f3n y media tensi\u00f3n.<\/li>\n<li style=\"text-align: left;\">An\u00e1lisis financieros de empresas<\/li>\n<li style=\"text-align: left;\">Evaluaciones de proyectos<\/li>\n<li style=\"text-align: left;\">Auditor\u00edas de desempe\u00f1o de empresas<\/li>\n<\/ul>\n<p>[\/vc_hoverbox][vc_empty_space height=&#8221;15px&#8221;][\/vc_column][vc_column width=&#8221;1\/2&#8243; css=&#8221;.vc_custom_1504720122409{margin-bottom: 15px !important;}&#8221;][vc_hoverbox image=&#8221;71028&#8243; primary_title=&#8221;Ingenier\u00eda civil, Hidr\u00e1ulica y Sanitaria&#8221; hover_title=&#8221;&#8221; hover_align=&#8221;left&#8221; shape=&#8221;square&#8221; hover_background_color=&#8221;white&#8221; css_animation=&#8221;fadeInUp&#8221; el_class=&#8221;delay&#8211;1 hover-box-1&#8243;]<strong>Ingenier\u00eda civil, Hidr\u00e1ulica y Sanitaria<\/strong><\/p>\n<ul>\n<li style=\"text-align: left;\">Sistema de Control de Gesti\u00f3n de Costos para Empresas Sanitarias, basado en el modelo de regulaci\u00f3n.<\/li>\n<li style=\"text-align: left;\">Estudio de Est\u00e1ndares y medici\u00f3n del Nivel de Calidad de Servicio Sanitario orientado a la fiscalizaci\u00f3n y control.<\/li>\n<li style=\"text-align: left;\">Estudios tarifarios, negociaciones y arbitrajes. Empresas Sanitarias<\/li>\n<li style=\"text-align: left;\">Asesor\u00eda para la obtenci\u00f3n de una concesi\u00f3n para establecer, construir y explotar servicios p\u00fablicos y sanitarios.<\/li>\n<li style=\"text-align: left;\">Determinaci\u00f3n del valor econ\u00f3mico de empresas sanitarias.<\/li>\n<li style=\"text-align: left;\">Estudios de evaluaci\u00f3n t\u00e9cnico-econ\u00f3mica y financiera de proyectos destinados al abastecimiento de agua y saneamiento.<\/li>\n<li style=\"text-align: left;\">Estudio t\u00e9cnico econ\u00f3mico de negocios no regulados, factibles de realizar por empresas de servicios sanitarios.<\/li>\n<li style=\"text-align: left;\">Estudios de leyes, reglamentos y normas del sector sanitario.<\/li>\n<\/ul>\n<p>[\/vc_hoverbox][vc_empty_space height=&#8221;85px&#8221;][vc_hoverbox image=&#8221;71029&#8243; primary_title=&#8221;Nuevos negocios&#8221; hover_title=&#8221;&#8221; shape=&#8221;square&#8221; hover_background_color=&#8221;white&#8221; css_animation=&#8221;fadeInUp&#8221; el_class=&#8221;delay&#8211;1 hover-box-2&#8243;]<strong>Nuevos negocios<\/strong><\/p>\n<p style=\"text-align: left;\">Prospecci\u00f3n e identificaci\u00f3n de oportunidades de negocios.<\/p>\n<p style=\"text-align: left;\">Evaluaci\u00f3n y desarrollo de negocios.<\/p>\n<p style=\"text-align: left;\">Asesor\u00eda en la contrataci\u00f3n de suministro de electricidad.<\/p>\n<p>[\/vc_hoverbox][vc_empty_space height=&#8221;15px&#8221;][\/vc_column][\/vc_row][vc_row type=&#8221;container&#8221; padding_top=&#8221;&#8221; padding_bottom=&#8221;&#8221; css=&#8221;.vc_custom_1536613284583{padding-top: 10px !important;}&#8221;][vc_column width=&#8221;1\/6&#8243;][\/vc_column][vc_column width=&#8221;2\/3&#8243;][vc_custom_heading text=&#8221;Cercanos y profesionales&#8221; font_container=&#8221;tag:p|font_size:18|text_align:center|color:%2324a3d8&#8243; google_fonts=&#8221;font_family:Source%20Sans%20Pro%3A200%2C200italic%2C300%2C300italic%2Cregular%2Citalic%2C600%2C600italic%2C700%2C700italic%2C900%2C900italic|font_style:200%20light%20regular%3A200%3Anormal&#8221; css_animation=&#8221;fadeInUp&#8221; css=&#8221;.vc_custom_1536613231363{margin-top: 40px !important;margin-bottom: 10px !important;}&#8221;][vc_custom_heading text=&#8221;Garantizamos la calidad de nuestro servicio&#8221; font_container=&#8221;tag:h2|font_size:38|text_align:center|color:%23232323|line_height:54px&#8221; google_fonts=&#8221;font_family:Source%20Sans%20Pro%3A200%2C200italic%2C300%2C300italic%2Cregular%2Citalic%2C600%2C600italic%2C700%2C700italic%2C900%2C900italic|font_style:200%20light%20regular%3A200%3Anormal&#8221; css_animation=&#8221;fadeInUp&#8221; css=&#8221;.vc_custom_1536619082055{margin-bottom: 20px !important;}&#8221;][\/vc_column][vc_column width=&#8221;1\/6&#8243;][\/vc_column][\/vc_row][vc_row type=&#8221;container&#8221; padding_top=&#8221;&#8221; padding_bottom=&#8221;&#8221; css=&#8221;.vc_custom_1535144197386{margin-top: 40px !important;margin-bottom: 10px !important;padding-right: 3% !important;padding-left: 3% !important;}&#8221;][vc_column width=&#8221;1\/3&#8243; css=&#8221;.vc_custom_1444954950021{margin-bottom: 35px !important;}&#8221;][vc_single_image image=&#8221;71035&#8243; img_size=&#8221;62&#215;62&#8243; alignment=&#8221;center&#8221; css_animation=&#8221;fadeInUp&#8221; el_class=&#8221;iconos-fortalezas&#8221;][vc_custom_heading text=&#8221;Conocimiento del mercado&#8221; font_container=&#8221;tag:p|font_size:28|text_align:center|color:%23000000|line_height:38px&#8221; use_theme_fonts=&#8221;yes&#8221; css_animation=&#8221;fadeInUp&#8221;][vc_column_text css_animation=&#8221;fadeInUp&#8221; css=&#8221;.vc_custom_1525814392327{padding-top: 10px !important;}&#8221;]<\/p>\n<p style=\"text-align: center;\"><span style=\"color: #999999;\">&nbsp;Amplia gama de profesionales con background en \u00e1mbitos regulatorios y t\u00e9cnicos.<br \/>\n<\/span><\/p>\n<p>[\/vc_column_text][\/vc_column][vc_column width=&#8221;1\/3&#8243; css=&#8221;.vc_custom_1444954957876{margin-bottom: 35px !important;}&#8221;][vc_column_text]<\/p>\n<div class=\"animate fadeInUp animated\" style=\"text-align: center; font-size: 62px; color: #24a3d8;\" data-animate=\"fadeInUp\">\n<div class=\"ion-ios-shuffle\"><\/div>\n<\/div>\n<p>[\/vc_column_text][vc_custom_heading text=&#8221;Flexibilidad&#8221; font_container=&#8221;tag:p|font_size:28|text_align:center|color:%23000000|line_height:38px&#8221; use_theme_fonts=&#8221;yes&#8221; css_animation=&#8221;fadeInUp&#8221;][vc_column_text css_animation=&#8221;fadeInUp&#8221; css=&#8221;.vc_custom_1525814441517{padding-top: 10px !important;}&#8221;]<\/p>\n<p style=\"text-align: center;\"><span style=\"color: #999999;\">Equipo con capacidad de adaptaci\u00f3n al cambio, en distintas tareas y desaf\u00edos.<br \/>\n<\/span><\/p>\n<p>[\/vc_column_text][\/vc_column][vc_column width=&#8221;1\/3&#8243; css=&#8221;.vc_custom_1444954966247{margin-bottom: 35px !important;}&#8221;][vc_single_image image=&#8221;71037&#8243; img_size=&#8221;62&#215;62&#8243; alignment=&#8221;center&#8221; css_animation=&#8221;fadeInUp&#8221; el_class=&#8221;iconos-fortalezas&#8221;][vc_custom_heading text=&#8221;Innovaci\u00f3n&#8221; font_container=&#8221;tag:p|font_size:28|text_align:center|color:%23000000|line_height:38px&#8221; use_theme_fonts=&#8221;yes&#8221; css_animation=&#8221;fadeInUp&#8221;][vc_column_text css_animation=&#8221;fadeInUp&#8221; css=&#8221;.vc_custom_1525814480698{padding-top: 10px !important;}&#8221;]<\/p>\n<p style=\"text-align: center;\"><span style=\"color: #999999;\">Creatividad para el desarrollo de nuevos negocios.<br \/>\n<\/span><\/p>\n<p>[\/vc_column_text][\/vc_column][\/vc_row]<\/p>\n","protected":false},"excerpt":{"rendered":"<p>[vc_row type=&#8221;full_page_width&#8221; padding_top=&#8221;&#8221; padding_bottom=&#8221;&#8221; css=&#8221;.vc_custom_1529097907983{margin-bottom: 0px !important;padding-top: 90px !important;padding-bottom: 90px !important;background-image: url(http:\/\/gtdingenieria.cl\/\/wp-content\/uploads\/2026\/04\/FOTOSUP2.jpg?id=71025) !important;background-position: center !important;background-repeat: no-repeat !important;background-size: cover !important;}&#8221;][vc_column css=&#8221;.vc_custom_1510320086246{padding-top: 0px !important;}&#8221;][vc_custom_heading text=&#8221;Damos energ\u00eda a tu proyecto&#8221; font_container=&#8221;tag:p|font_size:40px|text_align:center|color:%23ffffff|line_height:52px&#8221; use_theme_fonts=&#8221;yes&#8221; css=&#8221;.vc_custom_1523466931382{margin-bottom: 20px !important;padding-top: 20px !important;}&#8221; el_class=&#8221;lighter-weight&#8221;][\/vc_column][\/vc_row][vc_row type=&#8221;full_page_width_inner_container&#8221; padding_top=&#8221;&#8221; padding_bottom=&#8221;&#8221; css=&#8221;.vc_custom_1523465920655{margin-top: 0px !important;margin-bottom: 0px !important;padding-top: 40px !important;padding-bottom: 0px !important;background-color: #f8f8f8 !important;}&#8221; el_class=&#8221;overflow-visible&#8221;][vc_column width=&#8221;1\/6&#8243;][\/vc_column][vc_column width=&#8221;2\/3&#8243;][vc_raw_html]JTNDZGl2JTIwY2xhc3MlM0QlMjJkb3duX2Fycm93JTIyJTIwc3R5bGUlM0QlMjJ0b3AlM0ElMjAtNzVweCUzQiUyMiUzRSUzQ2klMjBjbGFzcyUzRCUyMmlvbi1pb3MtYXJyb3ctZG93biUyMiUzRSUzQyUyRmklM0UlM0MlMkZkaXYlM0U=[\/vc_raw_html][vc_column_text] [\/vc_column_text][\/vc_column][vc_column width=&#8221;1\/6&#8243;][\/vc_column][\/vc_row][vc_row type=&#8221;container&#8221; [&hellip;]<\/p>\n","protected":false},"author":1,"featured_media":0,"parent":0,"menu_order":0,"comment_status":"closed","ping_status":"closed","template":"page-full-width.php","meta":{"_acf_changed":false,"footnotes":""},"class_list":["post-71024","page","type-page","status-publish","hentry"],"acf":[],"yoast_head":"<!-- This site is optimized with the Yoast SEO plugin v27.3 - https:\/\/yoast.com\/product\/yoast-seo-wordpress\/ -->\n<title>Servicios - GTD Ingenieria<\/title>\n<meta name=\"robots\" content=\"index, follow, max-snippet:-1, max-image-preview:large, max-video-preview:-1\" \/>\n<link rel=\"canonical\" href=\"https:\/\/gtdingenieria.cl\/?page_id=71024\" \/>\n<meta property=\"og:locale\" content=\"es_ES\" \/>\n<meta property=\"og:type\" content=\"article\" \/>\n<meta property=\"og:title\" content=\"Servicios - GTD Ingenieria\" \/>\n<meta property=\"og:description\" content=\"[vc_row type=&#8221;full_page_width&#8221; padding_top=&#8221;&#8221; padding_bottom=&#8221;&#8221; css=&#8221;.vc_custom_1529097907983{margin-bottom: 0px !important;padding-top: 90px !important;padding-bottom: 90px !important;background-image: url(http:\/\/gtdingenieria.cl\/\/wp-content\/uploads\/2026\/04\/FOTOSUP2.jpg?id=71025) !important;background-position: center !important;background-repeat: no-repeat !important;background-size: cover !important;}&#8221;][vc_column css=&#8221;.vc_custom_1510320086246{padding-top: 0px !important;}&#8221;][vc_custom_heading text=&#8221;Damos energ\u00eda a tu proyecto&#8221; font_container=&#8221;tag:p|font_size:40px|text_align:center|color:%23ffffff|line_height:52px&#8221; use_theme_fonts=&#8221;yes&#8221; css=&#8221;.vc_custom_1523466931382{margin-bottom: 20px !important;padding-top: 20px !important;}&#8221; el_class=&#8221;lighter-weight&#8221;][\/vc_column][\/vc_row][vc_row type=&#8221;full_page_width_inner_container&#8221; padding_top=&#8221;&#8221; padding_bottom=&#8221;&#8221; css=&#8221;.vc_custom_1523465920655{margin-top: 0px !important;margin-bottom: 0px !important;padding-top: 40px !important;padding-bottom: 0px !important;background-color: #f8f8f8 !important;}&#8221; el_class=&#8221;overflow-visible&#8221;][vc_column width=&#8221;1\/6&#8243;][\/vc_column][vc_column width=&#8221;2\/3&#8243;][vc_raw_html]JTNDZGl2JTIwY2xhc3MlM0QlMjJkb3duX2Fycm93JTIyJTIwc3R5bGUlM0QlMjJ0b3AlM0ElMjAtNzVweCUzQiUyMiUzRSUzQ2klMjBjbGFzcyUzRCUyMmlvbi1pb3MtYXJyb3ctZG93biUyMiUzRSUzQyUyRmklM0UlM0MlMkZkaXYlM0U=[\/vc_raw_html][vc_column_text] [\/vc_column_text][\/vc_column][vc_column width=&#8221;1\/6&#8243;][\/vc_column][\/vc_row][vc_row type=&#8221;container&#8221; [&hellip;]\" \/>\n<meta property=\"og:url\" content=\"https:\/\/gtdingenieria.cl\/?page_id=71024\" \/>\n<meta property=\"og:site_name\" content=\"GTD Ingenieria\" \/>\n<meta property=\"article:modified_time\" content=\"2026-04-06T03:10:49+00:00\" \/>\n<meta name=\"twitter:card\" content=\"summary_large_image\" \/>\n<meta name=\"twitter:label1\" content=\"Tiempo estimado de lectura\" \/>\n\t<meta name=\"twitter:data1\" content=\"3 minutos\" \/>\n<script type=\"application\/ld+json\" class=\"yoast-schema-graph\">{\"@context\":\"https:\\\/\\\/schema.org\",\"@graph\":[{\"@type\":\"WebPage\",\"@id\":\"https:\\\/\\\/gtdingenieria.cl\\\/?page_id=71024\",\"url\":\"https:\\\/\\\/gtdingenieria.cl\\\/?page_id=71024\",\"name\":\"Servicios - GTD Ingenieria\",\"isPartOf\":{\"@id\":\"https:\\\/\\\/gtdingenieria.cl\\\/#website\"},\"datePublished\":\"2026-04-06T03:02:19+00:00\",\"dateModified\":\"2026-04-06T03:10:49+00:00\",\"breadcrumb\":{\"@id\":\"https:\\\/\\\/gtdingenieria.cl\\\/?page_id=71024#breadcrumb\"},\"inLanguage\":\"es-CL\",\"potentialAction\":[{\"@type\":\"ReadAction\",\"target\":[\"https:\\\/\\\/gtdingenieria.cl\\\/?page_id=71024\"]}]},{\"@type\":\"BreadcrumbList\",\"@id\":\"https:\\\/\\\/gtdingenieria.cl\\\/?page_id=71024#breadcrumb\",\"itemListElement\":[{\"@type\":\"ListItem\",\"position\":1,\"name\":\"Portada\",\"item\":\"https:\\\/\\\/gtdingenieria.cl\\\/\"},{\"@type\":\"ListItem\",\"position\":2,\"name\":\"Servicios\"}]},{\"@type\":\"WebSite\",\"@id\":\"https:\\\/\\\/gtdingenieria.cl\\\/#website\",\"url\":\"https:\\\/\\\/gtdingenieria.cl\\\/\",\"name\":\"GTD Ingenieria\",\"description\":\"Just another WordPress site\",\"potentialAction\":[{\"@type\":\"SearchAction\",\"target\":{\"@type\":\"EntryPoint\",\"urlTemplate\":\"https:\\\/\\\/gtdingenieria.cl\\\/?s={search_term_string}\"},\"query-input\":{\"@type\":\"PropertyValueSpecification\",\"valueRequired\":true,\"valueName\":\"search_term_string\"}}],\"inLanguage\":\"es-CL\"}]}<\/script>\n<!-- \/ Yoast SEO plugin. -->","yoast_head_json":{"title":"Servicios - GTD Ingenieria","robots":{"index":"index","follow":"follow","max-snippet":"max-snippet:-1","max-image-preview":"max-image-preview:large","max-video-preview":"max-video-preview:-1"},"canonical":"https:\/\/gtdingenieria.cl\/?page_id=71024","og_locale":"es_ES","og_type":"article","og_title":"Servicios - GTD Ingenieria","og_description":"[vc_row type=&#8221;full_page_width&#8221; padding_top=&#8221;&#8221; padding_bottom=&#8221;&#8221; css=&#8221;.vc_custom_1529097907983{margin-bottom: 0px !important;padding-top: 90px !important;padding-bottom: 90px !important;background-image: url(http:\/\/gtdingenieria.cl\/\/wp-content\/uploads\/2026\/04\/FOTOSUP2.jpg?id=71025) !important;background-position: center !important;background-repeat: no-repeat !important;background-size: cover !important;}&#8221;][vc_column css=&#8221;.vc_custom_1510320086246{padding-top: 0px !important;}&#8221;][vc_custom_heading text=&#8221;Damos energ\u00eda a tu proyecto&#8221; font_container=&#8221;tag:p|font_size:40px|text_align:center|color:%23ffffff|line_height:52px&#8221; use_theme_fonts=&#8221;yes&#8221; css=&#8221;.vc_custom_1523466931382{margin-bottom: 20px !important;padding-top: 20px !important;}&#8221; el_class=&#8221;lighter-weight&#8221;][\/vc_column][\/vc_row][vc_row type=&#8221;full_page_width_inner_container&#8221; padding_top=&#8221;&#8221; padding_bottom=&#8221;&#8221; css=&#8221;.vc_custom_1523465920655{margin-top: 0px !important;margin-bottom: 0px !important;padding-top: 40px !important;padding-bottom: 0px !important;background-color: #f8f8f8 !important;}&#8221; el_class=&#8221;overflow-visible&#8221;][vc_column width=&#8221;1\/6&#8243;][\/vc_column][vc_column width=&#8221;2\/3&#8243;][vc_raw_html]JTNDZGl2JTIwY2xhc3MlM0QlMjJkb3duX2Fycm93JTIyJTIwc3R5bGUlM0QlMjJ0b3AlM0ElMjAtNzVweCUzQiUyMiUzRSUzQ2klMjBjbGFzcyUzRCUyMmlvbi1pb3MtYXJyb3ctZG93biUyMiUzRSUzQyUyRmklM0UlM0MlMkZkaXYlM0U=[\/vc_raw_html][vc_column_text] [\/vc_column_text][\/vc_column][vc_column width=&#8221;1\/6&#8243;][\/vc_column][\/vc_row][vc_row type=&#8221;container&#8221; [&hellip;]","og_url":"https:\/\/gtdingenieria.cl\/?page_id=71024","og_site_name":"GTD Ingenieria","article_modified_time":"2026-04-06T03:10:49+00:00","twitter_card":"summary_large_image","twitter_misc":{"Tiempo estimado de lectura":"3 minutos"},"schema":{"@context":"https:\/\/schema.org","@graph":[{"@type":"WebPage","@id":"https:\/\/gtdingenieria.cl\/?page_id=71024","url":"https:\/\/gtdingenieria.cl\/?page_id=71024","name":"Servicios - GTD Ingenieria","isPartOf":{"@id":"https:\/\/gtdingenieria.cl\/#website"},"datePublished":"2026-04-06T03:02:19+00:00","dateModified":"2026-04-06T03:10:49+00:00","breadcrumb":{"@id":"https:\/\/gtdingenieria.cl\/?page_id=71024#breadcrumb"},"inLanguage":"es-CL","potentialAction":[{"@type":"ReadAction","target":["https:\/\/gtdingenieria.cl\/?page_id=71024"]}]},{"@type":"BreadcrumbList","@id":"https:\/\/gtdingenieria.cl\/?page_id=71024#breadcrumb","itemListElement":[{"@type":"ListItem","position":1,"name":"Portada","item":"https:\/\/gtdingenieria.cl\/"},{"@type":"ListItem","position":2,"name":"Servicios"}]},{"@type":"WebSite","@id":"https:\/\/gtdingenieria.cl\/#website","url":"https:\/\/gtdingenieria.cl\/","name":"GTD Ingenieria","description":"Just another WordPress site","potentialAction":[{"@type":"SearchAction","target":{"@type":"EntryPoint","urlTemplate":"https:\/\/gtdingenieria.cl\/?s={search_term_string}"},"query-input":{"@type":"PropertyValueSpecification","valueRequired":true,"valueName":"search_term_string"}}],"inLanguage":"es-CL"}]}},"_links":{"self":[{"href":"https:\/\/gtdingenieria.cl\/index.php?rest_route=\/wp\/v2\/pages\/71024","targetHints":{"allow":["GET"]}}],"collection":[{"href":"https:\/\/gtdingenieria.cl\/index.php?rest_route=\/wp\/v2\/pages"}],"about":[{"href":"https:\/\/gtdingenieria.cl\/index.php?rest_route=\/wp\/v2\/types\/page"}],"author":[{"embeddable":true,"href":"https:\/\/gtdingenieria.cl\/index.php?rest_route=\/wp\/v2\/users\/1"}],"replies":[{"embeddable":true,"href":"https:\/\/gtdingenieria.cl\/index.php?rest_route=%2Fwp%2Fv2%2Fcomments&post=71024"}],"version-history":[{"count":2,"href":"https:\/\/gtdingenieria.cl\/index.php?rest_route=\/wp\/v2\/pages\/71024\/revisions"}],"predecessor-version":[{"id":71038,"href":"https:\/\/gtdingenieria.cl\/index.php?rest_route=\/wp\/v2\/pages\/71024\/revisions\/71038"}],"wp:attachment":[{"href":"https:\/\/gtdingenieria.cl\/index.php?rest_route=%2Fwp%2Fv2%2Fmedia&parent=71024"}],"curies":[{"name":"wp","href":"https:\/\/api.w.org\/{rel}","templated":true}]}}