{"id":70952,"date":"2026-04-04T14:29:20","date_gmt":"2026-04-04T17:29:20","guid":{"rendered":"https:\/\/gtdingenieria.cl\/?page_id=70952"},"modified":"2026-04-05T23:43:57","modified_gmt":"2026-04-06T02:43:57","slug":"quienes-somos","status":"publish","type":"page","link":"https:\/\/gtdingenieria.cl\/?page_id=70952","title":{"rendered":"Qui\u00e9nes Somos"},"content":{"rendered":"<p>[vc_row type=&#8221;full_page_width&#8221; padding_top=&#8221;&#8221; padding_bottom=&#8221;&#8221; css=&#8221;.vc_custom_1529097875861{margin-bottom: 0px !important;padding-top: 90px !important;padding-bottom: 90px !important;background-image: url(http:\/\/gtdingenieria.cl\/\/wp-content\/uploads\/2026\/04\/FOTOSUP1.jpg?id=70945) !important;background-position: center !important;background-repeat: no-repeat !important;background-size: cover !important;}&#8221;][vc_column css=&#8221;.vc_custom_1510320086246{padding-top: 0px !important;}&#8221;][vc_custom_heading text=&#8221;GTD Ingenieros Consultores&#8221; font_container=&#8221;tag:p|font_size:40px|text_align:center|color:%23ffffff|line_height:52px&#8221; use_theme_fonts=&#8221;yes&#8221; css=&#8221;.vc_custom_1529874526594{margin-bottom: 20px !important;padding-top: 20px !important;}&#8221; el_class=&#8221;lighter-weight&#8221;][\/vc_column][\/vc_row][vc_row type=&#8221;full_page_width_inner_container&#8221; padding_top=&#8221;&#8221; padding_bottom=&#8221;&#8221; css=&#8221;.vc_custom_1523465920655{margin-top: 0px !important;margin-bottom: 0px !important;padding-top: 40px !important;padding-bottom: 0px !important;background-color: #f8f8f8 !important;}&#8221; el_class=&#8221;overflow-visible&#8221;][vc_column width=&#8221;1\/6&#8243;][\/vc_column][vc_column width=&#8221;2\/3&#8243;][vc_raw_html]JTNDZGl2JTIwY2xhc3MlM0QlMjJkb3duX2Fycm93JTIyJTIwc3R5bGUlM0QlMjJ0b3AlM0ElMjAtNzVweCUzQiUyMiUzRSUzQ2klMjBjbGFzcyUzRCUyMmlvbi1pb3MtYXJyb3ctZG93biUyMiUzRSUzQyUyRmklM0UlM0MlMkZkaXYlM0U=[\/vc_raw_html][vc_column_text]<\/p>\n<div class=\"down_arrow\" style=\"top: -75px;\">\n<div class=\"ion-ios-arrow-down\">&nbsp;<\/div>\n<\/div>\n<p>[\/vc_column_text][\/vc_column][vc_column width=&#8221;1\/6&#8243;][\/vc_column][\/vc_row][vc_row type=&#8221;full_page_width_inner_container&#8221; padding_top=&#8221;&#8221; padding_bottom=&#8221;&#8221; css=&#8221;.vc_custom_1523465930451{margin-bottom: 0px !important;padding-top: 10px !important;padding-bottom: 25px !important;background-color: #f8f8f8 !important;}&#8221;][vc_column width=&#8221;1\/2&#8243; offset=&#8221;vc_col-lg-offset-0 vc_col-lg-6&#8243; css=&#8221;.vc_custom_1536778225568{padding-top: 100px !important;}&#8221;][vc_single_image image=&#8221;70958&#8243; img_size=&#8221;full&#8221; style=&#8221;vc_box_shadow_3d&#8221; css_animation=&#8221;fadeInUp&#8221; css=&#8221;.vc_custom_1536778401699{margin-top: 50px !important;}&#8221;][\/vc_column][vc_column width=&#8221;1\/2&#8243; offset=&#8221;vc_col-lg-offset-0 vc_col-lg-6&#8243;][vc_column_text css_animation=&#8221;fadeInUp&#8221;]<\/p>\n<h2>Hacemos que las cosas pasen<\/h2>\n<p>[\/vc_column_text][vc_row_inner css=&#8221;.vc_custom_1504631308670{padding-top: 5px !important;}&#8221;][vc_column_inner width=&#8221;1\/2&#8243; css=&#8221;.vc_custom_1504633001047{margin-bottom: 35px !important;}&#8221;][vc_single_image image=&#8221;71001&#8243; img_size=&#8221;60&#215;60&#8243; css_animation=&#8221;fadeInUp&#8221;][vc_column_text css_animation=&#8221;fadeInUp&#8221;]<\/p>\n<h4>Misi\u00f3n<\/h4>\n<p class=\"justificado\">Somos una empresa encargada de prestar un completo y eficiente servicio de asesor\u00eda, consultor\u00eda, estudios y proyectos en diversas especialidades de la ingenier\u00eda civil, econ\u00f3mica y negocios; orientada a los sectores de generaci\u00f3n, energ\u00edas renovables y almacenamiento: transmisi\u00f3n y distribuci\u00f3n de electricidad, como tambi\u00e9n del sector sanitario.<\/p>\n<p>[\/vc_column_text][\/vc_column_inner][vc_column_inner width=&#8221;1\/2&#8243;][vc_single_image image=&#8221;71002&#8243; img_size=&#8221;60&#215;60&#8243; css_animation=&#8221;fadeInUp&#8221;][vc_column_text css_animation=&#8221;fadeInUp&#8221;]<\/p>\n<h4>Visi\u00f3n<\/h4>\n<p class=\"justificado\">Ser reconocidos como un actor fundamental en el sector de energ\u00eda y servicios b\u00e1sicos, logrando la preferencia de nuestros clientes de manera permanente y destacando que nuestra empresa tiene una perspectiva de negocio \u00fanica. Es nuestro objetivo anteponernos a los cambios, de manera que al surgir una necesidad, nuestros clientes sepan que pueden recurrir a nosotros.<\/p>\n<p>[\/vc_column_text][\/vc_column_inner][\/vc_row_inner][\/vc_column][\/vc_row][vc_row type=&#8221;full_page_width_inner_container&#8221; padding_top=&#8221;&#8221; padding_bottom=&#8221;&#8221; css=&#8221;.vc_custom_1504718232629{padding-top: 55px !important;padding-bottom: 40px !important;background-color: #f0f7fa !important;}&#8221;][vc_column width=&#8221;5\/12&#8243;][vc_custom_heading text=&#8221;Mantenemos contacto con la mayor\u00eda de los actores del mercado energ\u00e9tico, sanitario y ambiental, para apoyarlos en la definici\u00f3n de estrategias que necesiten.&#8221; font_container=&#8221;tag:p|font_size:22|text_align:left|color:%2324a3d8|line_height:34px&#8221; google_fonts=&#8221;font_family:Source%20Sans%20Pro%3A200%2C200italic%2C300%2C300italic%2Cregular%2Citalic%2C600%2C600italic%2C700%2C700italic%2C900%2C900italic|font_style:200%20light%20regular%3A200%3Anormal&#8221; css_animation=&#8221;fadeInUp&#8221; css=&#8221;.vc_custom_1529870412667{margin-bottom: 15px !important;}&#8221;][\/vc_column][vc_column width=&#8221;1\/2&#8243; offset=&#8221;vc_col-lg-offset-1&#8243;][vc_column_text css_animation=&#8221;bottom-to-top&#8221; css=&#8221;.vc_custom_1529870440162{margin-bottom: 25px !important;padding-top: 3px !important;}&#8221;]Dentro de nuestro portafolio contamos con entes nacionales y extranjeros, entre ellos, Organismos Reguladores; SEC, CNE, Coordinador, Ministerio de Energ\u00eda y otros.[\/vc_column_text][\/vc_column][\/vc_row][vc_row type=&#8221;container&#8221; padding_top=&#8221;&#8221; padding_bottom=&#8221;&#8221; css=&#8221;.vc_custom_1445611293527{margin-bottom: 35px !important;}&#8221;][vc_column][vc_column_text css=&#8221;.vc_custom_1529870487208{margin-bottom: 0px !important;}&#8221;]<\/p>\n<h2>Profesionales de experiencia<\/h2>\n<p>Contamos con un staff de m\u00e1s de 40 personas, siendo 30 de ingenieros de planta y especialistas en sus \u00e1reas, que nos permite responder de forma eficiente y oportuna a los requerimientos de todos nuestros clientes<\/p>\n<h6 style=\"margin-top: -10px; margin-bottom: 12px;\">&nbsp;<\/h6>\n<p>[\/vc_column_text][\/vc_column][vc_column width=&#8221;1\/4&#8243; css=&#8221;.vc_custom_1445098547369{margin-bottom: 35px !important;}&#8221;][vc_single_image image=&#8221;70999&#8243; img_size=&#8221;full&#8221; style=&#8221;vc_box_rounded&#8221; css_animation=&#8221;bottom-to-top&#8221; css=&#8221;.vc_custom_1528225337417{margin-bottom: -10px !important;}&#8221;][vc_column_text]<\/p>\n<h4>Francisco Cazorla<\/h4>\n<h6 style=\"margin-top: -10px; margin-bottom: 12px;\"><span style=\"color: #999999;\">Gerente de Ingenier\u00eda El\u00e9ctrica<\/span><\/h6>\n<p>[\/vc_column_text][\/vc_column][vc_column width=&#8221;1\/4&#8243;][vc_single_image image=&#8221;70998&#8243; img_size=&#8221;full&#8221; style=&#8221;vc_box_rounded&#8221; css_animation=&#8221;bottom-to-top&#8221; css=&#8221;.vc_custom_1528225375493{margin-bottom: -10px !important;}&#8221;][vc_column_text]<\/p>\n<h4>Leonardo Contreras<\/h4>\n<h6 style=\"margin-top: -10px; margin-bottom: 12px;\"><span style=\"color: #999999;\">Gerente de Desarrollo y Proyectos<\/span><\/h6>\n<h6 style=\"margin-top: -10px; margin-bottom: 12px;\">&nbsp;<\/h6>\n<p>[\/vc_column_text][\/vc_column][\/vc_row][vc_row type=&#8221;container&#8221; padding_top=&#8221;&#8221; padding_bottom=&#8221;&#8221;][vc_column width=&#8221;1\/2&#8243;][vc_column_text css=&#8221;.vc_custom_1536777209817{margin-bottom: 0px !important;}&#8221;]<\/p>\n<h2>Organigrama GTD Ingenier\u00eda.<\/h2>\n<p>[\/vc_column_text][vc_column_text]<\/p>\n<div id=\"text-11\" class=\"widget-odd widget-last widget-3 boxed document widget widget_text\" style=\"width: 270px;\">\n<h4 class=\"widget-title\">Nuestro Brochure<\/h4>\n<div class=\"textwidget\">\n<p>Dentro de nuestro portafolio contamos con entes nacionales y extranjeros.<\/p>\n<p><a class=\"pdf\" href=\"http:\/\/gtdingenieria.cl\/wp-content\/uploads\/2026\/04\/Brochure-GTD2024-1.pdf\">Descargar Brochure<\/a><\/p>\n<\/div>\n<\/div>\n<p>[\/vc_column_text][\/vc_column][vc_column width=&#8221;1\/2&#8243;][vc_column_text]<\/p>\n<p><iframe loading=\"lazy\" style=\"border: none; overflow: visible; float: right;\" src=\"https:\/\/gtdingenieria.cl\/\/wp-content\/uploads\/organigrama\/organigrama-1.1.html\" width=\"620\" height=\"700\" data-mce-fragment=\"1\"><\/iframe><\/p>\n<p>[\/vc_column_text][\/vc_column][\/vc_row]<\/p>\n","protected":false},"excerpt":{"rendered":"<p>[vc_row type=&#8221;full_page_width&#8221; padding_top=&#8221;&#8221; padding_bottom=&#8221;&#8221; css=&#8221;.vc_custom_1529097875861{margin-bottom: 0px !important;padding-top: 90px !important;padding-bottom: 90px !important;background-image: url(http:\/\/gtdingenieria.cl\/\/wp-content\/uploads\/2026\/04\/FOTOSUP1.jpg?id=70945) !important;background-position: center !important;background-repeat: no-repeat !important;background-size: cover !important;}&#8221;][vc_column css=&#8221;.vc_custom_1510320086246{padding-top: 0px !important;}&#8221;][vc_custom_heading text=&#8221;GTD Ingenieros Consultores&#8221; font_container=&#8221;tag:p|font_size:40px|text_align:center|color:%23ffffff|line_height:52px&#8221; use_theme_fonts=&#8221;yes&#8221; css=&#8221;.vc_custom_1529874526594{margin-bottom: 20px !important;padding-top: 20px !important;}&#8221; el_class=&#8221;lighter-weight&#8221;][\/vc_column][\/vc_row][vc_row type=&#8221;full_page_width_inner_container&#8221; padding_top=&#8221;&#8221; padding_bottom=&#8221;&#8221; css=&#8221;.vc_custom_1523465920655{margin-top: 0px !important;margin-bottom: 0px !important;padding-top: 40px !important;padding-bottom: 0px !important;background-color: #f8f8f8 !important;}&#8221; el_class=&#8221;overflow-visible&#8221;][vc_column width=&#8221;1\/6&#8243;][\/vc_column][vc_column width=&#8221;2\/3&#8243;][vc_raw_html]JTNDZGl2JTIwY2xhc3MlM0QlMjJkb3duX2Fycm93JTIyJTIwc3R5bGUlM0QlMjJ0b3AlM0ElMjAtNzVweCUzQiUyMiUzRSUzQ2klMjBjbGFzcyUzRCUyMmlvbi1pb3MtYXJyb3ctZG93biUyMiUzRSUzQyUyRmklM0UlM0MlMkZkaXYlM0U=[\/vc_raw_html][vc_column_text] &nbsp; [\/vc_column_text][\/vc_column][vc_column width=&#8221;1\/6&#8243;][\/vc_column][\/vc_row][vc_row type=&#8221;full_page_width_inner_container&#8221; padding_top=&#8221;&#8221; [&hellip;]<\/p>\n","protected":false},"author":1,"featured_media":0,"parent":0,"menu_order":0,"comment_status":"closed","ping_status":"closed","template":"page-full-width.php","meta":{"_acf_changed":false,"footnotes":""},"class_list":["post-70952","page","type-page","status-publish","hentry"],"acf":[],"yoast_head":"<!-- This site is optimized with the Yoast SEO plugin v27.3 - https:\/\/yoast.com\/product\/yoast-seo-wordpress\/ -->\n<title>Qui\u00e9nes Somos - GTD Ingenieria<\/title>\n<meta name=\"robots\" content=\"index, follow, max-snippet:-1, max-image-preview:large, max-video-preview:-1\" \/>\n<link rel=\"canonical\" href=\"https:\/\/gtdingenieria.cl\/?page_id=70952\" \/>\n<meta property=\"og:locale\" content=\"es_ES\" \/>\n<meta property=\"og:type\" content=\"article\" \/>\n<meta property=\"og:title\" content=\"Qui\u00e9nes Somos - GTD Ingenieria\" \/>\n<meta property=\"og:description\" content=\"[vc_row type=&#8221;full_page_width&#8221; padding_top=&#8221;&#8221; padding_bottom=&#8221;&#8221; css=&#8221;.vc_custom_1529097875861{margin-bottom: 0px !important;padding-top: 90px !important;padding-bottom: 90px !important;background-image: url(http:\/\/gtdingenieria.cl\/\/wp-content\/uploads\/2026\/04\/FOTOSUP1.jpg?id=70945) !important;background-position: center !important;background-repeat: no-repeat !important;background-size: cover !important;}&#8221;][vc_column css=&#8221;.vc_custom_1510320086246{padding-top: 0px !important;}&#8221;][vc_custom_heading text=&#8221;GTD Ingenieros Consultores&#8221; font_container=&#8221;tag:p|font_size:40px|text_align:center|color:%23ffffff|line_height:52px&#8221; use_theme_fonts=&#8221;yes&#8221; css=&#8221;.vc_custom_1529874526594{margin-bottom: 20px !important;padding-top: 20px !important;}&#8221; el_class=&#8221;lighter-weight&#8221;][\/vc_column][\/vc_row][vc_row type=&#8221;full_page_width_inner_container&#8221; padding_top=&#8221;&#8221; padding_bottom=&#8221;&#8221; css=&#8221;.vc_custom_1523465920655{margin-top: 0px !important;margin-bottom: 0px !important;padding-top: 40px !important;padding-bottom: 0px !important;background-color: #f8f8f8 !important;}&#8221; el_class=&#8221;overflow-visible&#8221;][vc_column width=&#8221;1\/6&#8243;][\/vc_column][vc_column width=&#8221;2\/3&#8243;][vc_raw_html]JTNDZGl2JTIwY2xhc3MlM0QlMjJkb3duX2Fycm93JTIyJTIwc3R5bGUlM0QlMjJ0b3AlM0ElMjAtNzVweCUzQiUyMiUzRSUzQ2klMjBjbGFzcyUzRCUyMmlvbi1pb3MtYXJyb3ctZG93biUyMiUzRSUzQyUyRmklM0UlM0MlMkZkaXYlM0U=[\/vc_raw_html][vc_column_text] &nbsp; [\/vc_column_text][\/vc_column][vc_column width=&#8221;1\/6&#8243;][\/vc_column][\/vc_row][vc_row type=&#8221;full_page_width_inner_container&#8221; padding_top=&#8221;&#8221; [&hellip;]\" \/>\n<meta property=\"og:url\" content=\"https:\/\/gtdingenieria.cl\/?page_id=70952\" \/>\n<meta property=\"og:site_name\" content=\"GTD Ingenieria\" \/>\n<meta property=\"article:modified_time\" content=\"2026-04-06T02:43:57+00:00\" \/>\n<meta name=\"twitter:card\" content=\"summary_large_image\" \/>\n<meta name=\"twitter:label1\" content=\"Tiempo estimado de lectura\" \/>\n\t<meta name=\"twitter:data1\" content=\"2 minutos\" \/>\n<script type=\"application\/ld+json\" class=\"yoast-schema-graph\">{\"@context\":\"https:\\\/\\\/schema.org\",\"@graph\":[{\"@type\":\"WebPage\",\"@id\":\"https:\\\/\\\/gtdingenieria.cl\\\/?page_id=70952\",\"url\":\"https:\\\/\\\/gtdingenieria.cl\\\/?page_id=70952\",\"name\":\"Qui\u00e9nes Somos - GTD Ingenieria\",\"isPartOf\":{\"@id\":\"https:\\\/\\\/gtdingenieria.cl\\\/#website\"},\"datePublished\":\"2026-04-04T17:29:20+00:00\",\"dateModified\":\"2026-04-06T02:43:57+00:00\",\"breadcrumb\":{\"@id\":\"https:\\\/\\\/gtdingenieria.cl\\\/?page_id=70952#breadcrumb\"},\"inLanguage\":\"es-CL\",\"potentialAction\":[{\"@type\":\"ReadAction\",\"target\":[\"https:\\\/\\\/gtdingenieria.cl\\\/?page_id=70952\"]}]},{\"@type\":\"BreadcrumbList\",\"@id\":\"https:\\\/\\\/gtdingenieria.cl\\\/?page_id=70952#breadcrumb\",\"itemListElement\":[{\"@type\":\"ListItem\",\"position\":1,\"name\":\"Portada\",\"item\":\"https:\\\/\\\/gtdingenieria.cl\\\/\"},{\"@type\":\"ListItem\",\"position\":2,\"name\":\"Qui\u00e9nes Somos\"}]},{\"@type\":\"WebSite\",\"@id\":\"https:\\\/\\\/gtdingenieria.cl\\\/#website\",\"url\":\"https:\\\/\\\/gtdingenieria.cl\\\/\",\"name\":\"GTD Ingenieria\",\"description\":\"Just another WordPress site\",\"potentialAction\":[{\"@type\":\"SearchAction\",\"target\":{\"@type\":\"EntryPoint\",\"urlTemplate\":\"https:\\\/\\\/gtdingenieria.cl\\\/?s={search_term_string}\"},\"query-input\":{\"@type\":\"PropertyValueSpecification\",\"valueRequired\":true,\"valueName\":\"search_term_string\"}}],\"inLanguage\":\"es-CL\"}]}<\/script>\n<!-- \/ Yoast SEO plugin. -->","yoast_head_json":{"title":"Qui\u00e9nes Somos - GTD Ingenieria","robots":{"index":"index","follow":"follow","max-snippet":"max-snippet:-1","max-image-preview":"max-image-preview:large","max-video-preview":"max-video-preview:-1"},"canonical":"https:\/\/gtdingenieria.cl\/?page_id=70952","og_locale":"es_ES","og_type":"article","og_title":"Qui\u00e9nes Somos - GTD Ingenieria","og_description":"[vc_row type=&#8221;full_page_width&#8221; padding_top=&#8221;&#8221; padding_bottom=&#8221;&#8221; css=&#8221;.vc_custom_1529097875861{margin-bottom: 0px !important;padding-top: 90px !important;padding-bottom: 90px !important;background-image: url(http:\/\/gtdingenieria.cl\/\/wp-content\/uploads\/2026\/04\/FOTOSUP1.jpg?id=70945) !important;background-position: center !important;background-repeat: no-repeat !important;background-size: cover !important;}&#8221;][vc_column css=&#8221;.vc_custom_1510320086246{padding-top: 0px !important;}&#8221;][vc_custom_heading text=&#8221;GTD Ingenieros Consultores&#8221; font_container=&#8221;tag:p|font_size:40px|text_align:center|color:%23ffffff|line_height:52px&#8221; use_theme_fonts=&#8221;yes&#8221; css=&#8221;.vc_custom_1529874526594{margin-bottom: 20px !important;padding-top: 20px !important;}&#8221; el_class=&#8221;lighter-weight&#8221;][\/vc_column][\/vc_row][vc_row type=&#8221;full_page_width_inner_container&#8221; padding_top=&#8221;&#8221; padding_bottom=&#8221;&#8221; css=&#8221;.vc_custom_1523465920655{margin-top: 0px !important;margin-bottom: 0px !important;padding-top: 40px !important;padding-bottom: 0px !important;background-color: #f8f8f8 !important;}&#8221; el_class=&#8221;overflow-visible&#8221;][vc_column width=&#8221;1\/6&#8243;][\/vc_column][vc_column width=&#8221;2\/3&#8243;][vc_raw_html]JTNDZGl2JTIwY2xhc3MlM0QlMjJkb3duX2Fycm93JTIyJTIwc3R5bGUlM0QlMjJ0b3AlM0ElMjAtNzVweCUzQiUyMiUzRSUzQ2klMjBjbGFzcyUzRCUyMmlvbi1pb3MtYXJyb3ctZG93biUyMiUzRSUzQyUyRmklM0UlM0MlMkZkaXYlM0U=[\/vc_raw_html][vc_column_text] &nbsp; [\/vc_column_text][\/vc_column][vc_column width=&#8221;1\/6&#8243;][\/vc_column][\/vc_row][vc_row type=&#8221;full_page_width_inner_container&#8221; padding_top=&#8221;&#8221; [&hellip;]","og_url":"https:\/\/gtdingenieria.cl\/?page_id=70952","og_site_name":"GTD Ingenieria","article_modified_time":"2026-04-06T02:43:57+00:00","twitter_card":"summary_large_image","twitter_misc":{"Tiempo estimado de lectura":"2 minutos"},"schema":{"@context":"https:\/\/schema.org","@graph":[{"@type":"WebPage","@id":"https:\/\/gtdingenieria.cl\/?page_id=70952","url":"https:\/\/gtdingenieria.cl\/?page_id=70952","name":"Qui\u00e9nes Somos - GTD Ingenieria","isPartOf":{"@id":"https:\/\/gtdingenieria.cl\/#website"},"datePublished":"2026-04-04T17:29:20+00:00","dateModified":"2026-04-06T02:43:57+00:00","breadcrumb":{"@id":"https:\/\/gtdingenieria.cl\/?page_id=70952#breadcrumb"},"inLanguage":"es-CL","potentialAction":[{"@type":"ReadAction","target":["https:\/\/gtdingenieria.cl\/?page_id=70952"]}]},{"@type":"BreadcrumbList","@id":"https:\/\/gtdingenieria.cl\/?page_id=70952#breadcrumb","itemListElement":[{"@type":"ListItem","position":1,"name":"Portada","item":"https:\/\/gtdingenieria.cl\/"},{"@type":"ListItem","position":2,"name":"Qui\u00e9nes Somos"}]},{"@type":"WebSite","@id":"https:\/\/gtdingenieria.cl\/#website","url":"https:\/\/gtdingenieria.cl\/","name":"GTD Ingenieria","description":"Just another WordPress site","potentialAction":[{"@type":"SearchAction","target":{"@type":"EntryPoint","urlTemplate":"https:\/\/gtdingenieria.cl\/?s={search_term_string}"},"query-input":{"@type":"PropertyValueSpecification","valueRequired":true,"valueName":"search_term_string"}}],"inLanguage":"es-CL"}]}},"_links":{"self":[{"href":"https:\/\/gtdingenieria.cl\/index.php?rest_route=\/wp\/v2\/pages\/70952","targetHints":{"allow":["GET"]}}],"collection":[{"href":"https:\/\/gtdingenieria.cl\/index.php?rest_route=\/wp\/v2\/pages"}],"about":[{"href":"https:\/\/gtdingenieria.cl\/index.php?rest_route=\/wp\/v2\/types\/page"}],"author":[{"embeddable":true,"href":"https:\/\/gtdingenieria.cl\/index.php?rest_route=\/wp\/v2\/users\/1"}],"replies":[{"embeddable":true,"href":"https:\/\/gtdingenieria.cl\/index.php?rest_route=%2Fwp%2Fv2%2Fcomments&post=70952"}],"version-history":[{"count":10,"href":"https:\/\/gtdingenieria.cl\/index.php?rest_route=\/wp\/v2\/pages\/70952\/revisions"}],"predecessor-version":[{"id":71010,"href":"https:\/\/gtdingenieria.cl\/index.php?rest_route=\/wp\/v2\/pages\/70952\/revisions\/71010"}],"wp:attachment":[{"href":"https:\/\/gtdingenieria.cl\/index.php?rest_route=%2Fwp%2Fv2%2Fmedia&parent=70952"}],"curies":[{"name":"wp","href":"https:\/\/api.w.org\/{rel}","templated":true}]}}